en w is divided by 21?
18
Let n(h) = 4*h + 3. Let a(k) = k. Let b(z) = -5*a(z) + n(z). Let i be b(5). Let r = 16 + i. What is the remainder when r is divided by 8?
6
Let a(c) = c**3 + 7*c**2 - 9*c + 1. Suppose -3*z = -5*z - 16. Let g = -32 + 57. Calculate the remainder when g is divided by a(z).
7
Let g(l) = -2*l**3 - 4*l**2 + 8*l + 10. What is the remainder when g(-4) is divided by 22?
20
What is the remainder when -4 + 34/8 + (-206)/(-8) is divided by 6?
2
Suppose 0 = -4*h - 2 + 10. Suppose -3 - 73 = -h*y. Suppose 60 = 4*t + 2*x, -2*x - 44 = 3*t - 7*t. Calculate the remainder when y is divided by t.
12
Let n(r) = -r**3 - r**2 - r + 22. Calculate the remainder when n(0) is divided by 6.
4
Suppose 2*i = -l + 3*l + 8, 4*l = 5*i - 21. What is the remainder when l is divided by 1?
0
Let u(x) = 2*x**3 - 48*x**2 + 15. What is the remainder when u(24) is divided by 0 + -2 - (-8 + 2)?
3
Suppose 11 + 13 = k. Suppose -3*j - 27 = -2*x, 4*x - 5*x + k = -5*j. Let p(u) = -u**3 + 8*u**2 + 13*u + 1. What is the remainder when p(x) is divided by 13?
11
Let k = -105 + 159. What is the remainder when 322 is divided by k?
52
Suppose 10 - 2 = -2*s. Let g(b) = b**3 + 4*b**2 - 3*b - 6. Calculate the remainder when (-147)/(-14) - 2/4 is divided by g(s).
4
Let v(w) be the first derivative of w**2/2 - 3*w + 3. Calculate the remainder when v(12) is divided by 4.
1
Let v(n) = n**2 + 2*n + 3. Suppose -5*k + 2*a + 40 = 0, -5*a - 1 = -k - 16. Calculate the remainder when v(-5) is divided by k.
8
Let k = -17 + 17. Let x = k - -4. Calculate the remainder when 18 is divided by x.
2
Suppose -4*a - 44 = -2*a. Let f = 53 + a. Calculate the remainder when f is divided by -1*(-13 - -1) - 1.
9
Let m be 126/6*2/3. Let x be (-4)/(-14) - 46/m. What is the remainder when 99/2 + x/6 is divided by 17?
15
Let l(d) = -d. Let y be l(8). Let b be (-1 + 4)*(y - -1). Let o = 41 + b. Calculate the remainder when o is divided by 7.
6
Suppose 7*n - 3*n = -4*s - 4, 3*s = -2*n. Let c = -4 + 6. Calculate the remainder when s is divided by c/(-8) + (-10)/(-8).
0
Suppose 4*t + j + 18 = 0, -4*j - 3 - 5 = 0. Let s = 11 + 38. What is the remainder when 1/t - s/(-4) is divided by 7?
5
Calculate the remainder when 55 is divided by (-16)/28 - 265/(-35).
6
Let g = -14 + 17. Let f = g - -11. Calculate the remainder when 55 is divided by f.
13
Suppose -5*z + g - 25 = 0, 0 = -0*z - z + 4*g - 24. What is the remainder when 103 is divided by z/5*195/(-6)?
25
Let d = -2 - -5. Let l be -1*d*(-28)/21. Let b = 12 - l. Calculate the remainder when 23 is divided by b.
7
Let v = 9 - 6. Suppose -v*n + 5*n = -3*j - 1, -5*n = 5*j - 5. What is the remainder when n is divided by (1 + -5)*(-7)/14?
0
Let v = 197 + -190. What is the remainder when 48 is divided by v?
6
Suppose 3*g + 161 = 4*g. Suppose 0 = p + 2*p - 4*r - 100, -g = -5*p + r. Suppose k + p = 3*k. What is the remainder when 30 is divided by k?
14
Let n be (-5*1)/(2/(-2)). Suppose -2*u = 2*u + 5*x - 30, 3*u - 5*x - n = 0. What is the remainder when u is divided by 4?
1
Let o = 54 + -32. Suppose 4*r + 92 = 2*c, 0 = c - 0*c + 3*r - 31. Suppose -p - c = -6*p. Calculate the remainder when o is divided by p.
6
Suppose 9*q - 4*q - 105 = 0. Suppose q = 5*i + 6. Suppose 2*p = i*p - 2. What is the remainder when 3 is divided by p?
1
Let d(l) = -2*l + 27. Let n(p) be the third derivative of -p**5/60 + p**4/24 + p**3/2 - 2*p**2. What is the remainder when d(11) is divided by n(0)?
2
Let q(r) = -r**3 - 7*r**2 - 7*r - 2. Let p be q(-6). Let v be 22/8 - (-1)/p. Suppose -v*h = -94 - 11. What is the remainder when h is divided by 12?
11
Let u = -35 - -58. Suppose 0 = n + 7 - u. What is the remainder when 47 is divided by n?
15
Let p(s) = -s - 8. Suppose 8 + 4 = 4*d. Calculate the remainder when d is divided by p(-9).
0
Let c = -27 - -31. Calculate the remainder when 9 is divided by c.
1
Let b(n) = -n**2 + 4*n - 2. Calculate the remainder when 10 is divided by b(3).
0
Let r(a) = a**2 + 17*a + 11. Calculate the remainder when 75 is divided by r(-17).
9
Let z(l) = -l**3 + 6*l**2 - 2*l - 3. Calculate the remainder when 53 is divided by z(3).
17
Suppose 2*q + 5*l = 50, 2*l + 75 = 3*q - 3*l. Let v = -30 - -57. Suppose -p + 4*p = v. What is the remainder when q is divided by p?
7
Suppose -4*c - 2*b = -44, 5*c - 8 = 4*c - 2*b. What is the remainder when 33 is divided by c?
9
Suppose 4*x = -l + 120, -2*l = -4*x - 5*l + 120. Suppose -3*z - 333 = -3*p, 2*z + p = -2*z - 429. What is the remainder when x is divided by 6/21 + z/(-14)?
6
Suppose -3*f = 4*a + 5 - 35, 0 = 3*a. Let h = -8 - 24. Let p = h + 50. What is the remainder when p is divided by f?
8
Let u(a) = -2*a + 13. Calculate the remainder when u(-7) is divided by 15.
12
Suppose b + b = 2*h, -b - 2*h + 6 = 0. Suppose -b*w = -7*w + 80. What is the remainder when 77 is divided by w?
13
Let k = 124 - 58. Suppose k = 4*t - m + 11, 5*m + 35 = 4*t. Calculate the remainder when 57 is divided by t.
12
Suppose 2*i = -35 + 105. Let k(n) = 2*n. Calculate the remainder when i is divided by k(6).
11
Let w(n) = -2*n**3 - 4*n**2 + 4. Let x be w(-2). What is the remainder when x/(-14) - (-90)/21 is divided by 3?
1
Let f be 11/(-1 + (2 - 2)). Let x(z) = -z. Let b be x(f). Let s = b + -3. What is the remainder when 15 is divided by s?
7
Suppose 5*n + 10 = 70. Let m(o) be the third derivative of -o**5/60 - o**4/3 + 5*o**3/6 + o**2. Calculate the remainder when m(-4) is divided by n.
9
Let s be 10*(0 - 21/(-6)). Suppose 2*w - s = -3*r, 0 = -2*w - 5*r + 30 + 7. What is the remainder when 45 is divided by w?
13
What is the remainder when (-3211)/(-65) - (-3)/5 is divided by 18?
14
Let p = -315 - -330. What is the remainder when 3*(0 - 116/(-6)) is divided by p?
13
Suppose 0 = 10*l - 5*l. Let v(n) = -2*n. What is the remainder when 2 + -4 + 7 + l is divided by v(-1)?
1
Let i(j) = -2*j + 1 + 1 + 4*j. Let a be i(-3). What is the remainder when (-213)/(-9) - a/(-6) is divided by 12?
11
Let d = 9 + 2. Suppose -189 = -2*v + 37. Suppose 3 = 3*o + 4*x - v, -123 = -4*o + x. What is the remainder when o is divided by d?
10
Let q be 2 + -1 - 0/1. Let d = -9 + q. Let y(w) = -w + 2. What is the remainder when y(d) is divided by 6?
4
Suppose 0*f = -2*f. Suppose 15 = h - f. Suppose -3 + h = j. Calculate the remainder when 35 is divided by j.
11
What is the remainder when 114 is divided by 4/(0 - -1) - -25?
27
Let c = 7 + -5. Calculate the remainder when 3 is divided by c.
1
Let c = 28 - -26. Suppose w - 4*w = -c. What is the remainder when 69 is divided by w?
15
Suppose 10 = 2*b - 3*v, -5*b = -2*b - 3*v - 18. Calculate the remainder when ((-21)/5)/(4/(-20)) is divided by b.
5
Suppose -z + 3*z - 40 = 0. Suppose 0 = 3*c - 28 - z. Calculate the remainder when 47 is divided by c.
15
Suppose -w + 27 = 5*k, k = -2*w - 4*k + 49. Suppose 2*c - 4 = 4. Suppose -c*v - v + 210 = 0. What is the remainder when v is divided by w?
20
Suppose c - 140 = -4*p - 4*c, 2*c - 72 = -2*p. Let x = 63 - p. What is the remainder when x is divided by 12?
11
Let u = -10 + 8. What is the remainder when (-3 - 86/u) + -3 is divided by 13?
11
Let t = -2 - -5. Suppose t*h - 19 = 29. Calculate the remainder when h is divided by 9.
7
Let j = -151 + 301. What is the remainder when -1 - j/4*-2 is divided by 19?
17
Suppose 2*l = 5*x + 22, 5*x - 20 = l - 6*l. What is the remainder when 104/3 + (-4)/l is divided by 12?
10
Let w(y) = 5*y + 13. Let s be w(11). Let b = -27 + s. What is the remainder when b is divided by 14?
13
Let c be 5/(-2) - 1/(-2). What is the remainder when c/(-12) + 1337/42 is divided by 12?
8
Let p(u) = -u**2 - 6*u - 2. Calculate the remainder when 16 is divided by p(-5).
1
Let k(r) = -9*r. Let w be k(5). Suppose 5*g = 3*g + 58. What is the remainder when g is divided by (-9)/27*w/1?
14
Let w(n) = n**2. Let q be w(1). Let l be (2 - q - 0) + 4. Suppose 3*r - 3 = 0, -6*r + r = l*z - 100. Calculate the remainder when z is divided by 7.
5
Let j be (-1)/(-5) - 6/5. What is the remainder when ((-175)/28)/(1/(-4)) is divided by (-13)/((3 - 2)/j)?
12
Suppose 0 = -v + 5*u + 31, u + 47 = 4*v - 20. Suppose -4*b + v = 0, 0*y + 5*y - 48 = -2*b. Calculate the remainder when 29 is divided by y.
5
Suppose -6*a - 2*j + 44 = -a, -5*a + 34 = -3*j. Calculate the remainder when 86 is divided by a.
6
Let s = 